the units digit of j?
2
Suppose 5*n - 30 - 24 = 2*x, -5*n - 108 = 4*x. Let f = -9 - x. What is the tens digit of f?
1
Let q = 43 + -36. Suppose 0 = q*h - 80 - 102. What is the tens digit of h?
2
Let z = 6 - 8. Let y be (-60)/(-14) + z/7. Suppose 3*q - 4*q - y*s + 32 = 0, 3*q = 4*s + 32. What is the units digit of q?
6
Suppose -103891 = 105*m - 128*m. What is the units digit of m?
7
Let r(b) = b**3 + 9*b**2 - 2*b - 12. Let v be r(-9). What is the hundreds digit of (-15 + v)*(-1 + -27)?
2
Let u(o) = 10*o**2 - 7*o - 9. Let m(g) = 5*g**2 - 4*g - 5. Let i(q) = 5*m(q) - 2*u(q). Let f be i(7). Suppose 2*z = -2*z + f. What is the units digit of z?
9
Let g = 1191 - 777. What is the tens digit of g?
1
Suppose 3*b = -h + 413, 2*b - b = 3*h - 1219. What is the hundreds digit of h?
4
Let h = -735 + 2464. What is the units digit of h?
9
What is the hundreds digit of 6/16 + ((-5685)/(-8) - -8)?
7
Suppose -5*f + 5*x = -200, -5*f + 8*f + 4*x = 134. What is the tens digit of f?
4
Let a(p) be the third derivative of -p**6/120 + p**5/15 + p**4/4 - p**3/2 + 5*p**2. Let d be a(4). Suppose -2*i + 5 + d = 0. What is the tens digit of i?
1
What is the thousands digit of (-928)/(-116) + -1 + 2911?
2
Let r = -41 - -43. What is the units digit of (r/6)/((-5)/(-750))?
0
Suppose 5*q - 102 = -7. Let l = q + -27. Let x(d) = d**3 + 8*d**2 + 9. What is the units digit of x(l)?
9
Let c(p) be the third derivative of p**5/60 + p**4/3 - p**3/3 - p**2. Let u be (24/40)/(1/(-15)). What is the units digit of c(u)?
7
Let s = -2 - 0. What is the tens digit of -2*(-79)/2 + 4/s?
7
What is the hundreds digit of 2/(1316/436 + -3)?
1
Let g(q) = q + 6. Let j be g(-3). Suppose j*i - 107 = 2*i. What is the units digit of i?
7
Suppose 16860 = -1354*y + 1360*y. What is the tens digit of y?
1
Let w = -3161 - -5122. What is the units digit of w?
1
What is the tens digit of (180/27 - 7) + 16226/6?
0
Let b be 3 - (-5 - (-2 + -1)). Let p = -7 + 3. Let m = p + b. What is the units digit of m?
1
Suppose -163849 = -98*j + 91637. What is the thousands digit of j?
2
Let z = -9 - -16. What is the tens digit of -3 - 1296/(-28) - 2/z?
4
Let l(r) = -17*r + 33. Let w(t) = -4*t + 8. Let f(n) = -2*l(n) + 9*w(n). Let h be f(-7). Suppose -5*a = -80 + h. What is the units digit of a?
2
Let t(x) = -16*x**3 - 9*x - 4. What is the tens digit of t(-3)?
5
Let p be 2 + 0 - (-2 + -2). Suppose -m - 5 = -p*m, 3*m + 141 = 4*s. What is the units digit of s?
6
Let u = 6 - 4. Let l be 4 - u*8/4. Suppose -4*i - i + 60 = l. What is the units digit of i?
2
Suppose 5*z = 5*n + 11535, -4*n - 3586 = -3*z + 3338. What is the hundreds digit of z?
3
Suppose 25 = 3*j + 2*j. Suppose -3*s + j*h = -40 - 70, 130 = 5*s + 5*h. What is the units digit of s?
0
Suppose -2*m = 3*m - 10. Suppose m*v + 5*x = 22, 5*v + x = -0*v + 9. Let g = 34 - v. What is the units digit of g?
3
Suppose 0 = -0*y + 5*y. Suppose -2*h + 28 + 52 = y. What is the tens digit of h?
4
Let k(f) = 6*f - 46. Let w be k(12). Let d = w + 139. What is the tens digit of d?
6
Suppose -2*y - 12*y + 6776 = 0. What is the hundreds digit of y?
4
Let o be (-1 - 1)/((-2)/3). Let s = o + -40. Let n = -13 - s. What is the tens digit of n?
2
What is the hundreds digit of 115*4 - (-37 - -31)?
4
Let j = 31 + -26. Suppose -d - 112 = -5*d - 2*i, j*d = -3*i + 140. Let b = d - 6. What is the units digit of b?
2
Let d(b) = 8*b**2 + 14*b - 8. Let u be d(6). Let f = -6 - -2. What is the tens digit of 6/f*u/(-42)?
1
Let z(j) = 15*j**2 - 14*j - 1. Let p be z(-6). Suppose 0 = -9*c + 2*c + p. What is the units digit of c?
9
Suppose 2*o + j - 653 = 0, -1321 = -0*o - 4*o + 3*j. What is the units digit of o?
8
Suppose -11*j - 19 = 696. Let m = j + 96. What is the tens digit of m?
3
Let j(h) = 2*h + 1. Let q be j(-3). Let u = q - -44. What is the tens digit of u?
3
What is the thousands digit of 148/((72/292)/9)?
5
Let c be 384/10 - 2/5. Suppose -3 = m - 5*o, 3*m - 10 = -2*o - 2. Suppose c = m*r - 30. What is the units digit of r?
4
Let g(k) = 9*k + 0*k**2 - 18 + 10*k + k**2 - 2*k**2. What is the units digit of g(13)?
0
Let x be 10 - 5 - (-2 + 2). Suppose -x*l + 510 = -0*l. Suppose -5*w + 23 = 5*q - l, q + 4*w = 22. What is the tens digit of q?
2
Let d = 180 - 110. Suppose 82 = 2*b - d. What is the tens digit of b?
7
Let i be ((-37 - -1)/2)/1. Let l be -12*-2*(-3)/i. Suppose l*y - 2*y = -4*f + 78, 3*y - 67 = 4*f. What is the tens digit of y?
2
What is the tens digit of 7*66 + 2 + 1?
6
Let m be -8 + -1 + -2 + 1. What is the tens digit of (345/25)/((-2)/m)?
6
Suppose -53*n = -13*n - 160. What is the units digit of n?
4
Suppose -4*w + 1666 - 178 = 0. What is the units digit of w?
2
Suppose 31182 = 26*z - 6154. What is the units digit of z?
6
What is the tens digit of (456 - 2)/((-15)/3 + 6)?
5
Let a = 208 + -56. Let o = a - 216. What is the tens digit of ((-12)/(-8))/((-6)/o)?
1
Let y be ((-5)/(-3))/((-1)/3). Let f(u) = -u - 7 - u - 3*u - 7*u. What is the tens digit of f(y)?
5
Suppose 3*u - 571 = 155. Suppose 5*z = -d + u, 0*z - 2*z = -5*d - 86. What is the tens digit of z?
4
Let t = -43 + -11. Let f be 16/(-6)*t/72. Suppose 0*n = f*n - 60. What is the tens digit of n?
3
Let h(p) = -3*p**2 - 14*p + 11. Let y(q) = -3*q**2 - 15*q + 12. Let f(a) = -5*h(a) + 4*y(a). What is the units digit of f(4)?
1
Let m = -49 + 50. What is the units digit of (-7)/28 + ((-882)/(-8))/m?
0
Let i(o) = 95*o**3 + 2*o**2 - 1. Let l be i(-1). Let z = -65 - l. What is the tens digit of (z - -1)/((-3)/(-2))?
2
Let v(p) = -5*p**3 + 13*p**2 + 8*p + 12. What is the thousands digit of v(-9)?
4
Suppose 5*h + 5*k = 2*h + 9086, 3*h - 9058 = 2*k. What is the thousands digit of h?
3
Let o(a) = 2*a - 12. Let x be o(8). Let l = 5 - x. What is the units digit of (-2)/(-6)*l*9?
3
Let w be 54/15*10/2. Let l = -13 + w. Suppose 10 = -l*b + 35. What is the units digit of b?
5
Suppose -2*c - 34*x + 1108 = -39*x, -4*c + 2252 = -x. What is the hundreds digit of c?
5
Suppose -7*j = -8971 - 7416. What is the tens digit of j?
4
Suppose 9*p + 5052 = 15*p. What is the units digit of p?
2
Let h be -2*-2*(-1)/(-4). Suppose -n - h = 0, 4*n + 0 - 16 = -4*v. Let a = v - -35. What is the tens digit of a?
4
Let l(p) = -p**3 - 5*p**2 + 3*p + 7. Let g be -4 - (4 + -12) - 9. Let m be l(g). What is the units digit of (-3 - m/4)*-59?
9
Let p(c) = -2*c - 17. Let x(n) = -3*n - 35. Let v(l) = -13*p(l) + 6*x(l). What is the tens digit of v(8)?
7
Let s = 1274 + 2633. What is the thousands digit of s?
3
Let b = -850 - -1577. Let d = -371 + b. What is the tens digit of d?
5
Let c(u) = 58*u + 858. What is the thousands digit of c(26)?
2
Let z be 5*1*32/(-80). Let o(m) = -9*m**3 + m**2 - 3*m - 4. What is the units digit of o(z)?
8
Let f be (-8)/(-2) + -1 + 1. Suppose -66 = f*l - 6*l - 2*r, -101 = -2*l + 5*r. What is the units digit of l?
8
Suppose -2*d + 2*x = 6, 2*d - 4*x = 4*d + 6. Let k = d - -7. Suppose -3*b + b + 50 = t, 0 = -b + k*t + 25. What is the units digit of b?
5
Let a = 320 + -456. Let q = a + 200. What is the tens digit of q?
6
Let q = 831 + -456. Suppose -3*m = 5*v - 8*m - q, 3*m = -2*v + 135. What is the tens digit of v?
7
Suppose g = -g + 4. Suppose 0 = -3*c - g*n + 272, 3*c = 2*n - 6*n + 280. Suppose 7*w - c = 5*w. What is the tens digit of w?
4
Suppose -21*k + 2 = -20*k. Suppose 2*r + 0 = -k. Let s = 9 + r. What is the units digit of s?
8
Suppose -6818 = -15*v + 15082. What is the hundreds digit of v?
4
What is the units digit of (-1316880)/(-990) + (-4)/22?
0
Let d(v) = 17*v + 9 - 21 - 15*v. Let f be d(6). What is the units digit of 22/2 + (-1 - f)?
0
Suppose 0 = -d + 5*j + 13, -35*d = -34*d - j - 17. What is the tens digit of d?
1
Suppose 14*a = 43274 - 14. What is the thousands digit of a?
3
Let l(o) = o**2 + 9*o + 3. Let j be l(-9). Suppose -4*q + 4*i + 0*i = -16, -6 = j*i. Suppose 3*z = -2*h + 11, z = -q*z + 3. What is the units digit of h?
4
Let v(c) = -c**2 - 16*c - 1. Let k be v(-15). Let q = 3 - k. Let j = 34 - q. What is the units digit of j?
5
What is the hundreds digit of 761116/460 - (-2)/5*1?
6
Let c(f) = 2*f - 8. Suppose m + 4 - 8 = 0. Let y be c(m). Suppose y = 5*t - 32 - 113. What is the tens digit of t?
2
Let o(y) = y**2 + 4*y + 325. Let w be o(0). Suppose 5*q - s = -0*s + w, -123 = -2*q - s. What is the units digit of q?
4
Suppose -5*n - y